9 = -4*n + 2*q + q, 2*n = -4*q - 8. Let a(t) = t. Let x be a(-3). Let u be (-4)/n + (-8)/x. Give y(u).
3
Suppose -2*v = -4*v. Let q(u) = -u**3 + u**2 - 7. What is q(v)?
-7
Let p(d) = -8*d + 19*d - 5 - 9*d. Determine p(7).
9
Suppose k = -m - 4, 3*k = -9*m + 5*m - 18. Let s(o) = -o. Give s(m).
6
Let v(s) = -5*s - 3*s + 2*s + 2 + 0 - s**2. What is v(-6)?
2
Suppose -2*z = -4*y + 10, -2*y = 5*z - 46 + 11. Let l(x) = x - 4*x + y*x + 2. Let m = -20 - -18. What is l(m)?
-2
Suppose 0*h = 5*h - 20. Let l be (3/2)/(3/6). Let i(r) = 3*r**2 - 2*r**3 - 3 + 0*r**3 + l*r + r**3. Give i(h).
-7
Suppose -11 = -q + 3. Let j be 9/2*q/21. Let a(l) = -3*l - 4. Let k(h) = 7*h + 8. Let p(d) = 13*a(d) + 6*k(d). Determine p(j).
5
Let u be (3/(-1) + -2)*1. Let z(x) = -x**3 + 4*x**2 - 5*x + 3. Let k(t) = -2*t**3 + 8*t**2 - 11*t + 6. Let d(w) = u*z(w) + 2*k(w). Calculate d(3).
-3
Let a = 12 + -17. Let q(u) = u + 5. Calculate q(a).
0
Let b(a) = 2*a**2 + 2*a - 1. Let c be ((-3)/(-1) - 3)/1. Let p(k) = -k - 7. Let d be p(-6). Let h = c - d. What is b(h)?
3
Let h(r) = r**3 + 10*r**2 - 4*r - 4. Let y(i) = -i**2 + i + 1. Let p(m) = h(m) + 6*y(m). What is p(-3)?
5
Let p(d) = d**3 + 6*d**2 + 2*d + 7. Let o be p(-6). Let r(j) be the first derivative of j**2 - 4 + 2*j - 4 + 3 + 4. Calculate r(o).
-8
Let f(o) be the second derivative of o**4/12 - o**3/2 + 17*o. Give f(4).
4
Let o be 3*12/(-9) + 2. Let d(b) = 2*b**2 + 4*b + 3. Let j be d(o). Let t(h) = -2*h**2 + h - 1 - 6*h + h**3 + h. What is t(j)?
-4
Let q(n) = 1 + n + 0 - 1 + 1. Let f be (-2)/1*(-3)/2. Determine q(f).
4
Let m(g) = 3*g**2 + 6*g - 6. Let c(w) = w**2 + 2*w - 2. Let i(x) = -7*c(x) + 2*m(x). Give i(-3).
-1
Let o be (-1 - -7)/((-9)/(-6)). Let b = 9 - o. Let p(k) = k**3 - 4*k**2 - 6*k + 2. What is p(b)?
-3
Let g = 6 + -6. Let s(d) = d + 4 + g + 5. What is s(-4)?
5
Let m(d) be the first derivative of -5/24*d**4 - 1/2*d**3 + 1/15*d**5 - d**2 - 1 + 1/120*d**6 + 0*d. Let s(f) be the second derivative of m(f). Give s(-5).
-3
Let n(m) = -9*m**2 + m - 2. Let u(p) be the second derivative of 5*p**4/12 - p**3/6 + p**2/2 - p. Let d(z) = -6*n(z) - 10*u(z). Determine d(-2).
10
Let z = -3 + 2. Let n(g) = g + 7. Let a be n(-13). Let i(o) = -7*o**3 - o**2 + 8*o + 8. Let c(m) = m**3 - m - 1. Let b(f) = a*c(f) + z*i(f). Calculate b(-2).
-2
Let c(v) be the first derivative of -v**3/3 + v**2/2 + 5*v - 1. Let f be c(0). Let n(d) = 3 - 2 - f - 2*d + 2. Determine n(3).
-8
Let y(p) = -4*p**2 + 2*p - 1. Let h = -3 + 8. Suppose h*u = -5*q, 3*u + 2*q = -0*q - 4. Let x = u - -5. Calculate y(x).
-3
Let c(q) = q**2 - q. Suppose -4*m = 2*s + 1 - 3, -5*s + 5*m + 50 = 0. Let d(u) = -u - s + 1 - 1. Let w be d(-6). Calculate c(w).
2
Suppose 2*h - 4*i = -16, 0*h + 7 = h + i. Let m = 0 - h. Let s(j) = -j**2 + j + 9. Let x(f) = -f**2 + 2*f + 14. Let q(l) = 8*s(l) - 5*x(l). Determine q(m).
-6
Suppose 13*p - 11*p = 4. Let m(r) = -7 + 6 - r**2 + 0*r**p - 4*r + 0*r**2. Give m(-5).
-6
Let k be (-1 - (-10)/3)*3. Let l = k - 7. Let j(y) = y**3 + y + 4. Give j(l).
4
Let p(d) = -d**2 - 10*d. Let w be p(-10). Let t(v) = 3*v - 7. Let i(q) = 1 + 0 - q + 1. Let k(u) = 7*i(u) + 2*t(u). Calculate k(w).
0
Let t(b) = 3*b**2 - 7*b - 20. Let o(q) = -5*q**2 + 11*q + 31. Let y(s) = -5*o(s) - 8*t(s). Determine y(0).
5
Let k(t) = -2*t**3 - 3*t**2 - 7*t + 8. Let g(o) = o**3 + 2*o**2 + 3*o - 4. Let y(a) = 5*g(a) + 2*k(a). Let c(m) = -m + 3. Let p be c(6). Determine y(p).
2
Let a(c) = c**2 - c + 1. Let x(f) = 4*f**2 + 3. Let h(o) = 5*a(o) - x(o). Let z be h(5). Let u(g) = -g**3 + g + 1. Calculate u(z).
-5
Let u(a) be the third derivative of -a**6/120 + a**5/30 + a**4/12 + a**3/6 - a**2. Calculate u(3).
-2
Suppose -4*v + 2*l = l - 29, -3*v + 33 = -3*l. Let c(h) = -h**3 + 5*h**2 + 6*h - 6. What is c(v)?
-6
Let t(a) be the third derivative of -a**5/60 + a**3/6 + 6*a**2. Determine t(-3).
-8
Let v(j) = j**3 - 5*j**2 + 5. Let r be v(5). Suppose -r*m - 1 = -26. Let i(z) = z. Give i(m).
5
Suppose 2*g = -2*s, 3*s - 9 = 2*s - 4*g. Let z(x) = -9*x**2 - 11*x - 19. Let t(r) = 5*r**2 + 6*r + 10. Let l(m) = -11*t(m) - 6*z(m). Calculate l(s).
-5
Let s(g) = g**2 + g + 0*g - 10*g + 6. Let c be s(8). Let b be -1 - (0 - 0) - c. Let y(a) = 8*a**3 + a**2 - 1. Give y(b).
8
Let q be ((-8)/14)/(8/(-28)) + 2. Let c(k) = -6*k + 5. Let p(a) = a. Let r(o) = c(o) + 3*p(o). Calculate r(q).
-7
Let q(c) = -1 - 8 + 8 + 3*c**2. Calculate q(1).
2
Let c(b) = -b - 4. Let h be c(-7). Let t(g) = -2*g + 3. Let p(s) = 3*s - 5. Let z(y) = h*p(y) + 5*t(y). Let q be ((-2)/(-5))/((-4)/(-10)). Determine z(q).
-1
Let j(a) be the third derivative of -a**6/120 - a**5/20 - a**4/8 - a**3/3 - 31*a**2. Give j(-2).
0
Let p(d) = -5*d**2 + 0 - 3*d - 3 - 1 + 0*d + d**3. What is p(6)?
14
Suppose 4*g - g = 0, v + 2*g - 2 = 0. Let h(c) = -5*c**v - 2 + 8 + 4*c**2 + 2*c - c. Calculate h(0).
6
Let t(s) be the first derivative of s**4/4 + 5*s**3/3 + 3*s**2/2 - 2*s - 25. Determine t(-3).
7
Let s(n) = -3 + 29*n + 7 - 32*n. Give s(6).
-14
Suppose 176 - 64 = 2*x. Let s be (-10)/4*x/(-20). Let r(n) = 2*n**2 + 1 - 5*n + 2*n + s*n**3 + 5*n. Calculate r(-1).
-6
Let f(o) = -o**2 - o - 1. Let p(w) = w**2 - w + 4. Let j(d) = -2*f(d) - p(d). What is j(-3)?
-2
Let p(m) = 7*m - 3. Let t(v) = -6*v + 2. Let x(a) = 3*p(a) + 4*t(a). Suppose 10 - 26 = -4*d. Give x(d).
-13
Let n(b) = -5*b**2 - 14*b - 1. Let o(x) = 14*x**2 + 41*x + 2. Let d(p) = 17*n(p) + 6*o(p). Calculate d(7).
2
Suppose -w + 5*t - 5 = w, 0 = 5*w + 4*t + 62. Let x(f) = -f**2 - 11*f - 7. Determine x(w).
3
Suppose 0 = 2*h + 2 + 10. Let s = 8 + h. Let d(w) = -3*w - w**s + 0*w + 1 + w. Determine d(2).
-7
Let r(f) = -493*f - 5*f**3 - 1 + 2*f**2 + 2*f**3 + 2*f**3 + 496*f. What is r(3)?
-1
Let y(a) = a**3 - a**2 - a + 1. Let v(d) = 2*d**3 - 4*d**2 + 2. Let i(k) = -v(k) + 3*y(k). Let p = 9 + 0. Suppose -4*g - 3 = p. Determine i(g).
-8
Let k(n) = -6*n**2 - 7*n**2 - 8 + 4*n**2 + 2*n + 9. Calculate k(-1).
-10
Suppose -5*k - 75 = 4*x, 4*k - 102 = 5*x + 43. Let d = x - -25. Let w(h) = -3*h + 1. Let g(s) = s. Let v(b) = 17*g(b) + 6*w(b). What is v(d)?
6
Let p(j) = -j**3 + 5*j**2 + 9. Let x(b) = -b - 2. Let w be x(0). Let a(o) = -1. Let d(t) = w*a(t) - p(t). Let v(r) = -8*r - 11. Let i be v(-2). Determine d(i).
-7
Let m be ((-1)/1 - -6) + 0. Let d(u) = -7*u**3 - 5*u - 18. Let k(x) = -8*x**3 - x**2 - 5*x - 20. Let g(o) = 7*d(o) - 6*k(o). Determine g(m).
-6
Let n(s) = 0*s + s**3 + 4 + 4*s**2 + 2*s - 2 + 1. Suppose 5*f - 6*f - 9 = 0. Let r be 21/f - 2/(-6). Calculate n(r).
7
Let q(n) = -3*n**3 - 2*n**2 + 2*n + 4. Let h(u) = 16*u**3 + 10*u**2 - 10*u - 21. Let r(s) = 2*h(s) + 11*q(s). Let i = -6 - -3. Calculate r(i).
5
Let j(c) = 4*c**2 + 11*c - 7. Let g(b) = -b**2 - 3*b**2 + 1 - 2*b + b + 3*b**2. Let k(q) = 5*g(q) + j(q). Determine k(5).
3
Suppose a + 2*a = -2*m + 11, -5*m = 2*a - 11. Let r(z) = -2*z**2 + z + 2. Calculate r(a).
-13
Let h(b) = -b**3 + 14*b**2 + 4. Let s be h(14). Let d(z) = z - 1 - s + 5 - 3*z**2. What is d(2)?
-10
Let m(j) be the third derivative of 2*j**2 - 1/6*j**3 + 0 + 0*j - 1/24*j**4. Let q be 3/(-3) + 4*4/16. What is m(q)?
-1
Suppose -2*g = 2*u + 2, -3*g + 10 = -5*g. Let l(a) = -15*a**2 + 5 + 3*a**2 - 3*a - a**3 + 11*a**2 + 6*a**2. Calculate l(u).
9
Suppose 9 + 16 = 5*i - 5*x, -5*x + 2 = 4*i. Let h(l) = 3*l**3 + 4*l**3 + 2*l + i*l**2 + 2 - 4 - 6*l**3. Suppose -a + 2*a + 2 = 0. Determine h(a).
-2
Let u(l) = -4*l + 1. Let n be 62/10 - (-1)/(-5). Suppose 3*p - n = -3. Suppose -3*g = -2*g + p. Determine u(g).
5
Let g(w) be the first derivative of -w**3/3 - 23*w + 23. Give g(0).
-23
Suppose -10*c - 30 = -5*c. Let b(t) = -4*t - 9. Give b(c).
15
Let t = 37 - 36. Let c(p) = 2*p - 1 + p - 2*p. Calculate c(t).
0
Let u(s) = s**2 + 6*s - 5. Let b(h) = h. Let l(g) = 6*b(g) - u(g). Determine l(0).
5
Let a = -1 - -5. Let j(h) = 20*h**3 - 9*h**2 - 12*h + 9. Let c(u) = -7*u**3 + 3*u**2 + 4*u - 3. Let q(o) = -17*c(o) - 6*j(o). Calculate q(a).
-3
Let o(a) = 2*a**3 + 1. Suppose -1 = -w + 1. Let k(f) = f**3 - f**2 - 3*f + 3. Let y be k(w). Let s be y + -3 + (-3)/(-3). What is o(s)?
-1
Let b(w) = 2*w + 4. Let h be (-12)/(91/(-26) - (-2 + 0)). What is b(h)?
20
Let k(c) = c. Suppose v + 3 = 11. Let f(g) = 3*g - 1. Let d(b) = v*k(b) - 3*f(b). Let r be d(0). Let q(s) = -s - 2. What is q(r)?
-5
Let h(x) be the third d